ghest common factor of 154 and b?
14
Let z(y) = -y**3 + 10*y**2 + 4*y - 10. Let t be z(8). What is the greatest common factor of 50 and t?
50
Let v(g) = g**2 - 11*g + 3. Let f be v(11). Let l be (728/20 - -2)/((-9)/(-120)). Suppose -l = -r - f*r. What is the greatest common divisor of 32 and r?
32
Let x be 6*(8/(-6))/(-1). Let t be ((-355)/(-70) + (-8)/14 - 4)*40. Calculate the highest common divisor of t and x.
4
Let d(v) = v**3 - 6*v**2 - 11*v + 86. Let r be d(9). Calculate the highest common factor of 322 and r.
46
Let x = 19 + 114. What is the greatest common factor of 76 and x?
19
Suppose 3*k - 192 = 2*n, 2*k + 20*n - 128 = 21*n. What is the greatest common divisor of k and 320?
64
Suppose -6*s + 227 + 1309 = 0. Calculate the highest common divisor of 80 and s.
16
Suppose 5*i - 162 = 4*x, 3*i - 55 - 41 = 2*x. Let o be 17 - -3 - (-3 - (-4 - -1)). Calculate the greatest common factor of o and i.
10
Let j be 3 - -3 - (0 + 1). Suppose 0*a + j*a - 90 = 0. Calculate the highest common divisor of 18 and a.
18
Suppose -26*z + 242 = 3*u - 28*z, -4*u - 4*z + 316 = 0. What is the greatest common factor of u and 760?
40
Let r(q) = q**3 + q**2 + 3*q + 3. Let w be r(-2). Let s = w + 42. Let t be (-3)/(-5)*125/15. What is the greatest common divisor of t and s?
5
Suppose 3 = 4*w - w. Suppose -q - w = -2. Suppose -3*f + 4*m - 5 = -0, 3*m - 4 = 2*f. Calculate the highest common factor of q and f.
1
Let y be 1 + 10/(-5) + -7. Let s be (2*-7)/(-2) + y/8. What is the highest common factor of s and 3?
3
Let x(p) = p**3 + 6*p**2 - 8*p + 4. Let o be x(-6). Suppose o = -8*i + 172. Calculate the highest common factor of i and 3.
3
Let v(h) = -4*h - 4. Suppose 3*p + 4 = 2*p + i, -p + 2*i = 3. Let l be v(p). Suppose 0 = -55*r + 56*r - 8. What is the highest common factor of l and r?
8
Suppose -5*j + 1952 + 498 = -2*b, 2*j - 980 = -4*b. What is the highest common factor of 20 and j?
10
Let x be (3*20/(-42))/(39/(-7917)). What is the highest common divisor of x and 4?
2
Let u be 2/5 + 8/5. Let f(z) = 6*z**2 - 4*z + 2. Let i be f(u). Let o be (-215 + -1)*(-10)/15. What is the highest common factor of o and i?
18
Suppose -3*b = -4*r - 2, -5*b - 4*r + 9 = -5*r. What is the greatest common divisor of 86 and b?
2
Let h(c) = -c**3 + 6*c**2 - 4*c. Let q be h(4). Let p(m) = -63*m**3 - 4*m - 3. Let t be p(-1). What is the greatest common factor of q and t?
16
Let g(v) = v**3 + 6*v**2 - 4*v + 31. Let d be g(-7). Calculate the highest common divisor of 120 and d.
10
Suppose 2*z = -4*s + 14, -2*z = 2*z + 5*s - 19. Let i be 1 + 14 + (0 - z). Let o = 175 - 105. Calculate the highest common divisor of i and o.
14
Let m be 38*(11/2)/11. Calculate the highest common divisor of m and 19.
19
Let s = -18 - -46. Suppose -r + s = -36. Suppose 0*b = 2*b - r. Calculate the greatest common divisor of b and 4.
4
Let l = 1050 + -537. Calculate the highest common factor of 27 and l.
27
Suppose 57 = 5*g - 2*g. Suppose -26 = -3*d + g. Calculate the greatest common factor of 135 and d.
15
Let z be 0 + (-4 - 1 - -77). What is the greatest common divisor of z and 8?
8
Let p(v) = -v**3 - 6*v**2 + 2*v + 7. Let k be p(-7). Let z be (0 - -1) + 42 + -15. Suppose 5*a - 4*a = z. Calculate the highest common divisor of a and k.
14
Let s be (4/(-3))/((-2)/51). Suppose 3*j = j + s. Let p be (-2 - 1) + 80/4. What is the greatest common factor of p and j?
17
Suppose -4*n - l + 65 = -2*n, l + 145 = 5*n. Let q = 44 - n. What is the highest common factor of q and 28?
14
Let n = 942 + -938. Calculate the greatest common divisor of 9 and n.
1
Suppose -c + 6 = -4*r - 0, -3*c = -3*r. Let z be c/(-3) + 7/(84/160). What is the greatest common factor of 7 and z?
7
Let r be 29 + (-4)/(6 + (-24)/6). What is the highest common factor of r and 207?
9
Let u(i) = i**3 + 9*i**2 + 14*i + 7. Let x be u(-7). What is the greatest common divisor of 119 and x?
7
Suppose 1197 + 753 = 65*b. What is the highest common factor of b and 16?
2
Let v(c) = 51*c**2 - 4. Let j be v(-2). What is the greatest common divisor of j and 8?
8
Suppose 5*o = -25, -2*h - 3*o - 6 = -h. Suppose h*q - 36 = 5*q. What is the greatest common factor of q and 9?
9
Let s(r) = -r**3 + 4*r**2 + 3*r - 2. Let t be s(4). Let h(l) = l**3 - 2*l**2 - 19*l + 84. Let f be h(4). What is the greatest common divisor of f and t?
10
Let n(h) = -25*h + 249. Let w be n(9). What is the greatest common factor of 804 and w?
12
Suppose -3*o + 3*n = -147, -3*n - 77 = -2*o + 20. Suppose 0*j - 26 = -3*g + 2*j, g + 4*j - 18 = 0. Calculate the greatest common factor of g and o.
10
Let q(b) be the second derivative of b**3/6 + 3*b**2/2 - 13*b + 2. Let o = 10 + 8. Let m be q(o). What is the highest common factor of 21 and m?
21
Let g = -22 - -25. Suppose -g = -5*x + 17. Suppose -4*h = -31 + 7. What is the greatest common factor of x and h?
2
Let q = -1915 - -2234. What is the highest common factor of q and 44?
11
Suppose -5*l + 31 = -2*f, 3*f - 4*l + 7 + 22 = 0. Let s be -4 + (0 - 2 - f) - -15. What is the greatest common divisor of s and 4?
4
Let a be -2*(1/(-3) + 14/(-21)). Suppose a*r = -r + 54. Calculate the greatest common factor of r and 72.
18
Let z(c) = -115*c + 1. Let w be z(-1). Let v = w + -26. Let a be 16 + (4 + -12 + 4 - -6). Calculate the highest common factor of v and a.
18
Suppose 3*x - 2*x - 5*t = 8, 5*x - 2*t - 86 = 0. Let q = 21 - x. Calculate the greatest common divisor of 15 and q.
3
Let j(a) = a**3 + 9*a**2 - 3*a. Let d be j(-9). Let n = 18 + -16. Suppose -n*o + 54 = -0*o. What is the highest common factor of d and o?
27
Let y be -4 - (63/(-3) + 2). Let i(m) = -m**2 + 17*m - 22. Let c be i(y). Let l be (1/2)/(2/4). Calculate the greatest common divisor of l and c.
1
Suppose 62 = 3*h + 5*i, -4*i + 66 = 5*h - 5*i. Let v = -155 + 147. Let n = v + h. Calculate the highest common divisor of 54 and n.
6
Let r(g) = g**2 + g - 52. Let a be r(13). What is the greatest common factor of 10 and a?
10
Let h be 101 + (1 - -4)/5. Suppose -2*q - 4*q = -h. What is the highest common factor of q and 68?
17
Let r be (-100)/(-35)*(-2 + (-159)/(-6)). What is the greatest common divisor of r and 168?
14
Let m be -1*(-1)/7 - (-213192)/392. Calculate the greatest common factor of m and 17.
17
Let i(z) = 73*z - 204. Let c be i(3). What is the highest common divisor of 885 and c?
15
Suppose -5*h = -86 + 21. Let y be (-4)/2*-2 - 5. Let b be ((-6)/(-3))/y*-52. What is the greatest common factor of h and b?
13
Let j be (3/2)/((25/(-2))/(-25)). Calculate the highest common factor of j and 57.
3
Suppose -2*v = 3*t - 20, 29 + 4 = 5*t + 3*v. Suppose 5*k + 8 + 37 = 0. Let p = k + 24. Calculate the highest common divisor of p and t.
3
Suppose -113*b = -136*b + 2438. What is the highest common factor of 4 and b?
2
Let x be (22/(-44))/(-2*3/36). Suppose 0*q - 3*q + 6 = 0. Suppose -6*w + 36 = -q*w. Calculate the greatest common factor of w and x.
3
Let x = -291 - -348. Calculate the greatest common divisor of x and 114.
57
Suppose 6*b - 2*b = 188. Let j be (35/10)/(1/20). Suppose 0 = -t + 5*y + j, -4*y = t - b - 41. Calculate the greatest common divisor of t and 20.
20
Let r(l) = -9*l**2 + 326*l - 27. Let v be r(36). Let a be 43 + 1 - (-1 + 3). Let z = a + -24. What is the highest common factor of z and v?
9
Let j = 454 - 160. Let w = j - 144. What is the greatest common divisor of w and 60?
30
Let c be 364/6 - (220/33 - 6). What is the greatest common divisor of c and 4?
4
Suppose 363*w + 116 = 367*w. What is the greatest common divisor of 116 and w?
29
Let i = -172 - -293. Let z be (-9 + (2 - 4))*-1. What is the highest common divisor of z and i?
11
Let g = 176 + -109. Suppose -3*m = 4*i - g, 3*i + 41 = 5*i - m. What is the greatest common divisor of 171 and i?
19
Suppose -2*j = 2*w + 6, -5*j - 17 = -w + 5*w. Suppose 68 = 4*a + 4*t, w*a - 6*a - 5*t + 73 = 0. What is the highest common factor of a and 60?
12
Let s = 48 - 75. Let u = s - -29. What is the greatest common factor of 1 and u?
1
Let q = -3 + 3. Let m(l) = l**3 + l**2 + l + 10. Let c be m(q). Let s be ((-11)/(-6) - 1)*6. What is the highest common divisor of s and c?
5
Let f = 323 - 83. What is the highest common factor of f and 15?
15
Suppose 6*w - 14 = 13*w. Let m be 231/(w + -1)*-1. Calculate the highest common factor of m and 7.
7
Let m